actors of (344/(-20))/((-2)/n)?
43
Let c(p) be the second derivative of -p**4/12 + 4*p**3/3 - 2*p**2 - 4*p. What are the prime factors of c(7)?
3
Let n = -83 - -76. Suppose 0 = -y, -r + 3*r + 3*y = 20. Let z = r + n. What are the prime factors of z?
3
Suppose 0 = -l - 3*l + 20, -b - 5*l = -81. What are the prime factors of b?
2, 7
Suppose 0 = s - 5*s - 8. Let t be (-5)/(15/6)*s. List the prime factors of t/6 + (-62)/(-6).
11
Let d = 57 - -2. Suppose 3*r = -d + 176. Let h = -27 + r. List the prime factors of h.
2, 3
Let o = 147 + -103. List the prime factors of o.
2, 11
Let g = -5 + 14. Let w(c) = -c**3 + 4*c + 3 + 8*c**2 + 3*c + 2*c. List the prime factors of w(g).
3
Suppose a + n + n = 38, -4*n = -2*a + 92. What are the prime factors of a?
2, 3, 7
Let a = 35 - 20. Let f be -1*18*-1 - 2. List the prime factors of f/3 - 5/a.
5
Let y(p) be the third derivative of -3*p**2 + 0*p + 0 + 1/6*p**3 + 5/24*p**4. List the prime factors of y(2).
11
Let r(b) = 7*b + 1. Let d be r(1). List the prime factors of (d - 5) + (1 - -11).
3, 5
Let p be (8/6)/(2/(-3)). Let m = p - -21. List the prime factors of m.
19
List the prime factors of 4/(-3)*(12 - 18).
2
Let p(b) be the third derivative of b**4/8 + b**3/2 + 4*b**2. What are the prime factors of p(3)?
2, 3
Suppose 0*m + 3*m - 36 = 0. Suppose -2*r + 6 = -4*q, -q + 4*q + 5*r + 37 = 0. Let j = q + m. What are the prime factors of j?
2
Suppose -5*z = -36 - 39. What are the prime factors of (4 + -1)*55/z?
11
Let c be (12/(-10))/((-4)/30). Let o = 12 - c. List the prime factors of o.
3
Suppose 73 = 4*m - 3. List the prime factors of m.
19
Let k be 1/2 - 21/6. Let w = 2 - k. What are the prime factors of 1 + w/(15/6)?
3
Let m(x) = -x**3 - 5*x**2 - 3*x + 3. Let o be m(-4). Let z = 4 + o. List the prime factors of z.
3
Suppose -2*m + 67 = 2*d - 3, 4*d - 122 = 5*m. Suppose 4*i - d = 83. Let s = -19 + i. List the prime factors of s.
2, 5
Suppose -5 = -4*f - 13. Let b be f*(-1)/(-1) + 0. Let i(r) = -5*r. List the prime factors of i(b).
2, 5
Suppose 0 = 2*o + 2*o + 60. Let y = o + 27. List the prime factors of y.
2, 3
Suppose 3*w - 13 = -5*q, 5*w + 2 + 1 = 4*q. Suppose -3*g - 40 = -5*y + q*g, -4*g = 0. List the prime factors of y.
2
Suppose 3 + 0 = a. Suppose -a*r + 8 = -r. List the prime factors of r.
2
Let k be 1 - (8*2 - 2). Let q = k - -2. Let l = q + 19. What are the prime factors of l?
2
Suppose 0 = -2*y + 3*c + 106, -5*c + 53 = 5*y - 4*y. What are the prime factors of y?
53
Let m(r) = -r + 17. Let x be m(12). Suppose 145 = x*n - 0*n. List the prime factors of n.
29
Let j(i) = -i**3 - i + 106. Let z be j(0). Suppose -l + 20 = -a, z = 5*l - 0*a + a. List the prime factors of l.
3, 7
Suppose -2*s - 261 = -k, 5*k - 4*s - 253 = 4*k. List the prime factors of k.
269
Let p(c) = -c**2 - 17*c - 13. Let k be p(-11). Suppose 4*a = 23 + k. List the prime factors of a.
19
Let y = 118 + 50. What are the prime factors of y?
2, 3, 7
Suppose 4*k - y = 229, k + 3*y - 282 = -4*k. List the prime factors of k.
3, 19
Let w be -3*(24/(-9))/(-2). Let x be ((-3)/(-6))/((-1)/w). Suppose x*c = c + 3. What are the prime factors of c?
3
Let z(l) = -l**2 + 8*l + 21. What are the prime factors of z(9)?
2, 3
Let u = -108 + 225. What are the prime factors of u?
3, 13
Let i = 112 + -80. Suppose 5*w - 20 = -0*w. Suppose -3*f + i = w*a, 4*f = -2*a - 2*a + 44. List the prime factors of f.
2, 3
Suppose -2*v = -4*v. Let q(y) = y - 2. Let m be q(v). List the prime factors of -1*2 + 2 - m.
2
Let k = 5 + 10. Let i = -5 + k. List the prime factors of i.
2, 5
Let c(a) = -4*a - 8. Let v(u) = u. Let i be v(8). Let p be c(i). List the prime factors of 2/(-10) - 288/p.
7
Suppose -k = 3*m - 2*m - 9, 5*m = -15. What are the prime factors of 4/k - (-69)/9?
2
Suppose -4 = -4*b + 2*b. Let a = 18 - 13. Suppose b*s - a = 3. What are the prime factors of s?
2
Suppose 0 - 8 = -4*v. What are the prime factors of (-1 - 33/(-6))*v?
3
Suppose 5*r + y - 29 = 0, -3*r = -6*r + 5*y + 23. Let f be (-156)/8 + r/(-4). List the prime factors of 3/(1 + f/30).
2, 5
Let l be (-12)/(-18) - (-75)/9. Suppose l = 16*a - 15*a. List the prime factors of a.
3
Let j(k) = 3*k**3 + k**2 - k. Let b be j(1). Let l(o) = 5*o - 1. Let n be l(2). Let t = n + b. List the prime factors of t.
2, 3
Let y = -26 + 68. What are the prime factors of 28/y + (-40)/(-3)?
2, 7
Suppose 0 = -2*t + 3*t + 4, 0 = -v - t - 3. Let s(n) = 20*n**3 - n**2 + n. List the prime factors of s(v).
2, 5
Let y be 1 - ((-3)/(-3) - 2). Suppose -4*f - y*b + 4 = 0, b = 2*f + 3*b. What are the prime factors of f?
2
What are the prime factors of 1*(3 + 1 + 314)?
2, 3, 53
What are the prime factors of ((-9)/(-6))/(-3) - (-1772)/8?
13, 17
Let p be (-1)/((-1)/(-4)*1). Let r(d) = 10*d + 1. Let w(z) = -9*z. Let k(y) = p*r(y) - 5*w(y). List the prime factors of k(3).
11
Let p(a) = 9 + 65*a - 63*a + a**2 + 0*a**2. List the prime factors of p(0).
3
Let b be (0/2)/(1 + 0). Suppose -5*r + 3*g + 16 = b, 4*r - 3*r - 4*g = -7. Let v = r - -1. What are the prime factors of v?
2, 3
Suppose 12*v - 9*v = 99. Let z = -18 + v. List the prime factors of z.
3, 5
Let l(d) = d + 4. Let u be l(-6). Let y(a) = -a**3 - 4*a**2 - a. Let f be y(u). What are the prime factors of 6/(-5)*40/f?
2
Suppose 0*i - 5*y - 258 = -2*i, -4*i - 5*y = -576. Let u = i - 94. Suppose -4*m - u = -5*j + 2*j, -j + 10 = -3*m. What are the prime factors of j?
19
Let o(h) = -4*h. Let t be o(-1). Suppose -n + t = -21. List the prime factors of n.
5
Let g = 63 - 38. Suppose -3*p + g = 2*p. Suppose 5*i = -p*x + 50, -5*i + i + 34 = x. What are the prime factors of i?
2
Suppose z + 4*z = 2*m - 6, 2*z - 3 = -m. Let k be m*((-16)/(-6) + -2). Suppose j - k*c - 3 = 0, -4*c - 6 = 4*j - 54. What are the prime factors of j?
3
Let v = 1460 + -6896. Let q be v/(-16) + (-2)/(-8). What are the prime factors of 1/(-4) - q/(-16)?
3, 7
Let r = -88 - -154. Suppose -r = -4*m - 2. Suppose 0 = 3*y + y - m. What are the prime factors of y?
2
Let r(d) = -d**2 + 3*d + 1. Let n be r(3). Suppose -n = -m + 1. What are the prime factors of m?
2
Suppose 0*s = -s + 119. What are the prime factors of s?
7, 17
Suppose 70 = 5*q - 5*s, 3*q = 3*s - 8*s + 2. What are the prime factors of q - 3/((-12)/(-4))?
2
Let r(q) = -q**2 - 8*q - 8. Let y be r(-6). Suppose 3*j = -y*h + 133, 0*j + 130 = 4*h + 2*j. List the prime factors of h.
31
Let u(f) = f**2 + 7*f - 4. Let m be u(-8). Suppose 2*v - 2 + 10 = 4*l, 20 = m*v + 4*l. List the prime factors of (-4 + v)/2*-4.
2
Let i = -10 - -17. Let n be 2/7 - (-82)/i. Suppose -n = -3*q + q. List the prime factors of q.
2, 3
Let o(y) = y**3 - 2*y**2 - 2*y - 18. Let l(j) = 2*j**3 - 5*j**2 - 5*j - 35. Let u(g) = -6*l(g) + 11*o(g). What are the prime factors of u(9)?
3
Let m(x) = 2*x**3 - x**2 - 2. Let r(q) = 4*q + 6*q**2 + 0*q**2 - 3*q**2 + 7 - 4*q**2. Let t be r(5). List the prime factors of m(t).
2, 5
Suppose 5*h - 4 = h. Let z = 11 - h. Suppose 0 = -z*i + 5*i + 40. List the prime factors of i.
2
Let l = 5 - 2. Let u(i) = 4*i**3 + 4*i - 3*i**l + 3*i - 5*i**2 - 5. What are the prime factors of u(4)?
7
Let z(t) = -2*t**3 + 4*t**2 + 4. Let w be z(3). Let i = w - -44. What are the prime factors of i?
2, 3, 5
Let b(h) = h**3 - h**2 - 2*h. Let s be b(2). Suppose -3*x + 12 = -2*x + 3*c, s = x - 2*c - 2. List the prime factors of 2/x*(-15)/(-1).
5
Let y = -5 + 10. Suppose y*v - 109 = 26. Suppose -5 = m, -4*m - v = -o - 0*o. What are the prime factors of o?
7
Let u(w) = w**3 - 3*w**2 - 15*w + 11. List the prime factors of u(7).
2, 3, 17
Let z(a) = -4*a**3 - 2*a**2 - 1. Let w be z(-2). Suppose 0 = -5*f - w - 12. Let v = f + 13. What are the prime factors of v?
2, 3
Let b(o) = o**2 - 5*o - 20. What are the prime factors of b(9)?
2
Let r = 5 + -3. Suppose -r*z + 6 = 4*t, -3 = -0*t + t + 2*z. Suppose 0 = -t*n + 6. What are the prime factors of n?
2
Let c = -3 - -15. Let d(h) = h**2 - 14*h + 8. Let v be d(c). Let l = v + 24. What are the prime factors of l?
2
Let m = -10 - -49. List the prime factors of m.
3, 13
Let n(w) = -6*w - 1. List the prime factors of n(-8).
47
Let l(y) = -y**2 - 5. Let b be l(0). Let k(t) = t + 1. Let s(c) = 6*c + 6. Let r(p) = b*k(p) + s(p). What are the prime factors of r(7)?
2
Suppose 0 = -78*x + 73*x + 800. What are the prime factors of x?
2, 5
Let s(t) = -t**3 - 3*t**2 - 4